- 24. What is the units digit of m?
3
Let j be (4 + -1)/(3/2). What is the units digit of (0 - -9)/3*j?
6
Let x be (-3)/(3/1)*4. What is the units digit of (-12)/x*(-2 - -3)?
3
What is the units digit of 0 - 3 - (-244 + -2)/3?
9
Suppose 5*d - 432 = 2*d. What is the hundreds digit of d?
1
Suppose -2*h + 23 = 4*n - 29, 2*h - 2*n - 28 = 0. What is the tens digit of h?
1
Let m(b) be the first derivative of -b**4/4 + b**3/3 + b**2 - b + 3. Suppose -4*l + l = -3. What is the units digit of m(l)?
1
Let g = 28 - 9. What is the tens digit of g?
1
Suppose -6*p = -139 - 209. What is the tens digit of p?
5
Let a(f) = -2*f + 5. Let q(x) = 2*x - 4. Let l(o) = 2*a(o) + 3*q(o). What is the tens digit of l(6)?
1
What is the tens digit of 498/10 + (-1)/(-5)?
5
Suppose 6*l - 2*l + 4 = 0, -3*l = 5*u - 232. What is the tens digit of u?
4
Let g be (-5 + 9)*2/4. Suppose -7 - g = -3*k. Suppose 2*m + 4*h = -2*m, -k = 3*m + 4*h. What is the units digit of m?
3
What is the tens digit of (-490)/(-3) + (-14)/42?
6
Let w(y) = 2*y**3 + 3*y**2 - y. What is the units digit of w(2)?
6
Let q be (1 - 1)/(-2 - 0). Suppose q = 5*z + r, 5*r - 3 = z - 29. What is the units digit of z?
1
Suppose 2*s = -2*s + 8. Suppose -3 = -s*w + 11. Let g = w + -2. What is the units digit of g?
5
Let d(i) = 5*i - 5. What is the tens digit of d(4)?
1
Suppose -6 + 1 = z + w, 10 = -2*w. Suppose d + 2*d - 9 = z. What is the units digit of d?
3
Let b(u) = u + 2. Let m be b(2). Let k = m + 4. What is the units digit of k?
8
Let x be (0 + 0/(-1))/(-1). Suppose 4*l - 3 = 4*a - 31, x = 3*a - 2*l - 19. What is the units digit of a?
5
Let l(m) = 0*m**3 + 2 - m**3 + 2*m + 5*m + 9*m**2 - 9. What is the tens digit of l(9)?
5
Let v = -39 + 50. What is the units digit of v?
1
Let n be (-9)/6*(-4)/3. Suppose -g - 2*f = n, 5*f = 7*g - 2*g - 20. Suppose 18 = 2*j - g*x, 0*x + 38 = 4*j - 2*x. What is the tens digit of j?
1
Suppose 3*m - 192 = -2*x, 5*m - 3*m - 4*x - 128 = 0. What is the tens digit of m?
6
What is the units digit of ((-6)/(-1))/((-3)/(-18))?
6
Let d = 104 + 28. What is the tens digit of d?
3
Let p(v) = -7*v**3 + v**2 + v - 1. What is the units digit of p(-1)?
6
What is the units digit of (2 + (-10)/4)*(-1 - 233)?
7
Suppose 2*a - 214 = -0*z + 2*z, 5*z = a - 127. What is the hundreds digit of a?
1
What is the units digit of (-558)/(-21) + (-1)/(14/(-6))?
7
What is the tens digit of -6*(-4)/(-16)*-12?
1
Let h(j) = j**3 - 6*j**2 - 7*j + 6. Let m be h(7). Let w = m - 9. What is the units digit of 8*1/(-3)*w?
8
Let h(z) = z**3 - 4*z**2 - 6*z + 7. Let c be h(5). Suppose y - c = 1. What is the units digit of y?
3
Let t be (9/(-6))/((-2)/(-4)). What is the units digit of t*(-1)/3 + 0?
1
Let k = 10 + 10. Let w = k + -14. Let p = -5 + w. What is the units digit of p?
1
Suppose o - 2*o - 3 = 0. What is the units digit of o/(-5) + (-6)/(-15)?
1
Let a(d) = -d**3 + 8*d**2 + 6*d - 2. Let i be a(9). Let p = 49 + i. What is the units digit of p?
0
Let b = -4 - -4. Suppose -y - 2 = -b*y. What is the units digit of 6 + 0/(y + 1)?
6
Let k(m) = 3*m - 9. Let n(o) = o**2 - o + 6. Let v be n(0). What is the units digit of k(v)?
9
Suppose 0 = 2*w + 3*d - 31, w = 2*w + 2*d - 15. What is the tens digit of w?
1
Let d be 0 - -2 - (-21)/3. Suppose -n = 5*x + 13, -d = x - 0*n - 3*n. Let u = x + 8. What is the units digit of u?
5
Let f be (-1)/(-2) + 29/2. Suppose -5*r + f = d, 5*r = -4*d + 8*d - 10. Suppose -d*u + 30 = -2*u. What is the units digit of u?
0
Let m(o) = -o**3 + 4*o**2 - 4*o + 3. Let g be m(2). Suppose q = -2*b + 19 - 2, -g*b = 4*q - 18. What is the units digit of b?
0
Let w(s) = 25*s - 24. What is the tens digit of w(5)?
0
Let n = 45 - 3. What is the tens digit of n?
4
Suppose 949 = 9*g + 4*g. What is the units digit of g?
3
Suppose 4*h + 5*j - 19 = 85, -3*j + 50 = 2*h. Let c be (-98)/(-2) - (0 - 2). Let d = c - h. What is the tens digit of d?
2
Let r = 12 - 4. Let u = 7 + -4. Let s = r - u. What is the units digit of s?
5
Let n(s) = 4*s**2 - 5*s + 6. What is the tens digit of n(3)?
2
Suppose -4*c + 87 = -c. What is the units digit of c?
9
Suppose 0 = 3*d - 144 - 81. What is the tens digit of d?
7
Let a(g) = -g**2 + 5*g + 8. Let h be a(6). Suppose -43 = -h*z + 5. Suppose -2*x = 2*c - z, 6*x - 8*x - 60 = -5*c. What is the units digit of c?
2
Suppose -5*v = -i - 4*i + 165, i - 15 = -5*v. Suppose 5*t + 0*t = i. What is the units digit of t?
6
Suppose -84 = -2*r - a, -73 = -2*r - 3*a + 7. What is the tens digit of r?
4
Let u be (-1)/(((-2)/5)/(-2)). Let i(o) = -o**2 - 7*o - 1. What is the units digit of i(u)?
9
Let a be (-4)/(-10) + (-48)/(-5). Suppose 5*m - a*m + 25 = 0. What is the units digit of m?
5
Let w = -37 - -81. What is the tens digit of w?
4
Suppose 0 = 2*f - 2*a - 162, 3*f - 2*a - 227 = -3*a. What is the tens digit of f?
7
What is the units digit of 357/4 - 4*1/16?
9
Suppose 9*u + 285 = 12*u. What is the tens digit of u?
9
Suppose -5*v - p + 1377 = 0, 2*v + 0*p - 3*p = 561. What is the tens digit of v?
7
Let s(i) = 6*i**3 + i**2. Let n(j) = -j**3 - 5*j**2 + 4*j - 6. Let b be n(-6). Let q = b + -5. What is the units digit of s(q)?
7
Let g(u) = 143*u**2 + u + 1. What is the tens digit of g(-1)?
4
Let n be (1/3)/((-2)/(-12)). Let g(i) = 5*i - 3. Let j be g(n). Let z = j - 3. What is the units digit of z?
4
Let u = -9 + -1. What is the units digit of u/(-25) + 43/5?
9
Let x = 10 + -7. Let m = -140 - -143. Suppose -x*s = 5*i - m*i - 39, 0 = 5*i + s - 104. What is the tens digit of i?
2
Suppose -4*w = 8 + 8, 2*x + 5*w = 80. What is the units digit of x?
0
Let q = 18 + -12. Let u(o) = -22*o**2 + 23*o**2 + 2 - 3*o - 10. What is the tens digit of u(q)?
1
Let w(o) = 70*o - 2. Let t be w(2). What is the units digit of (-2)/((-3)/t*4)?
3
Suppose 4*p - 3*p - 4 = 0. Let r be (-172)/(-16) + 1/p. Suppose 5*l - 36 = -4*w, 2*w + 4*l - 7 = r. What is the units digit of w?
9
Suppose -5*y - 5*v = 0, -8*y + 2*v + 18 = -4*y. Suppose -y*s + 12 = 2*k - 3, 0 = -2*k - 5*s + 13. What is the units digit of k?
9
Let s(j) be the first derivative of -j**4/4 - 7*j**3/3 - 5*j**2 - 7*j + 1. What is the tens digit of s(-6)?
1
Let c be 837/(-18)*(-2)/(-3). Let i = -16 - c. What is the units digit of i?
5
Let x(g) = -1 + 0*g + g**2 + 3 + 8*g. What is the units digit of x(-8)?
2
Let r(b) = -b**3 - b**2 - 2*b. Let n be r(-2). What is the units digit of 3*n/(-6) - -8?
4
Let j(h) = 89*h - 1. Let d be j(2). Suppose -4*w + r + 103 = -47, -5*w - 4*r = -d. What is the units digit of w?
7
Let m = 51 + 21. Suppose 3*s = 7*s - m. What is the tens digit of s?
1
Let j = -196 + 435. What is the tens digit of j?
3
Suppose -d = -0*d - 35. Suppose -b + d = 4*b. What is the units digit of b?
7
Let l(j) = j**2 + 4*j + 5. Let v be l(-4). Suppose -v*a + 25 = -0*a. Suppose -a*q + 4 = -q. What is the units digit of q?
1
Let c(g) = g**3 + 3*g**2 - 7*g + 1. What is the units digit of c(4)?
5
Let s = 32 + -17. Suppose -3*q = -2*u + 5, 0*q + 4*q = 5*u - 30. Let i = s - u. What is the units digit of i?
5
Let n(p) be the second derivative of -p**3/6 + 5*p**2/2 + 4*p. What is the units digit of n(-11)?
6
Let p be 10/25 - 26/(-10). Let z(r) = 2*r**2 + 1 - p*r - 1 + 1. What is the units digit of z(2)?
3
Let m(s) = s**3 - 5*s**2 - 6*s - 6. Let k be m(6). What is the units digit of (6/k)/(1/(-9))?
9
Suppose 0 = 5*c - 10*t + 5*t - 280, 0 = -c - 3*t + 44. Suppose h - c = 1. What is the tens digit of h?
5
What is the units digit of 236 + (-2 - 3) + 7?
8
Suppose -48 - 47 = -5*j. What is the units digit of j?
9
Let b be 4 - 1 - (-10)/5. Let z be 52/b + (-10)/25. Suppose -c + z = 2. What is the units digit of c?
8
What is the tens digit of 39 + ((-1)/1 - -2)?
4
Let l = 12 + -8. Suppose 0 = 3*f - 2*v + 168, -l*v = -4*f - 0 - 224. What is the units digit of 3*(f/6)/(-4)?
7
Let x(g) = -g**2 - g + 19. Let d be (-2)/((-8)/10)*-2. Let h be (-1 - 1) + 7 + d. What is the units digit of x(h)?
9
Suppose 5*c - 8 = -t, 23 = 5*c - 3*t + 7. Let h(a) be the first derivative of 3*a**2 - 3*a + 3. What is the units digit of h(c)?
9
Let d(p) = 5*p**2 + p**3 + 2*p - p**3 - 3 + 0*p**3 - p**3. What is the units digit of d(5)?
7
Let z = 117 - 37. What is the tens digit of z?
8
Let z(y) = 19*y**2 - 1. Suppose 0 = 4*s - 2*s - 2. What is the tens digit of z(s)?
1
Let v be (-12)/(-9)*6/4. Let f = v - -33. What 